{"id":160,"date":"2018-05-16T10:25:17","date_gmt":"2018-05-16T10:25:17","guid":{"rendered":"http:\/\/xn--galeriefrfotografie-dbc.de\/?page_id=160"},"modified":"2018-07-30T06:59:58","modified_gmt":"2018-07-30T06:59:58","slug":"ueber-uns","status":"publish","type":"page","link":"http:\/\/xn--galeriefrfotografie-dbc.de\/?page_id=160","title":{"rendered":"\u00dcber uns"},"content":{"rendered":"<p>[et_pb_section bb_built=&#8220;1&#8243; fullwidth=&#8220;off&#8220; specialty=&#8220;off&#8220; background_image=&#8220;http:\/\/xn--galeriefrfotografie-dbc.de\/wp-content\/uploads\/2018\/05\/Demo_image1_4.jpg&#8220; transparent_background=&#8220;off&#8220; background_color=&#8220;#ffffff&#8220; allow_player_pause=&#8220;off&#8220; inner_shadow=&#8220;off&#8220; parallax=&#8220;off&#8220; parallax_method=&#8220;off&#8220;][et_pb_row][et_pb_column type=&#8220;1_2&#8243;][et_pb_image src=&#8220;http:\/\/xn--galeriefrfotografie-dbc.de\/wp-content\/uploads\/2018\/07\/44A0158.jpg&#8220; show_in_lightbox=&#8220;off&#8220; url_new_window=&#8220;off&#8220; module_class=&#8220;phblack&#8220; animation_style=&#8220;slide&#8220; animation_duration=&#8220;500ms&#8220; animation_intensity_slide=&#8220;10%&#8220; animation_direction=&#8220;left&#8220; show_bottom_space=&#8220;on&#8220; _builder_version=&#8220;3.0.106&#8243; use_overlay=&#8220;off&#8220; always_center_on_mobile=&#8220;on&#8220; force_fullwidth=&#8220;off&#8220; \/][\/et_pb_column][et_pb_column type=&#8220;1_2&#8243;][et_pb_text background_layout=&#8220;dark&#8220; module_class=&#8220;phblack2&#8243; background_position=&#8220;top_left&#8220; background_repeat=&#8220;repeat&#8220; background_size=&#8220;initial&#8220; _builder_version=&#8220;3.0.106&#8243;]<\/p>\n<h1>Michael Niesemann<\/h1>\n<p><strong>Michael Niesemann <\/strong>\u2013 Musik, P\u00e4dagogik, Fotografie<\/p>\n<p>&nbsp;<\/p>\n<p>ist in einem weitgesteckten Bereich k\u00fcnstlerisch t\u00e4tig &#8211; von Barockmusik auf &#8222;historischen&#8220; Instrumenten (Oboe und Blockfl\u00f6te) bis hin zu Jazz und Avantgarde auf dem Saxophon und der modernen Oboe. Er studierte von 1979 &#8211; 1987 an der Staatlichen Hochschule f\u00fcr Musik, K\u00f6ln, wo er von 1993-2007 moderne und historische Oboen unterrichtete. Von 2004 \u2013 2007 war er Professor f\u00fcr Barockoboe an der Musikhochschule W\u00fcrzburg. Im Oktober 2007 wurde er zum Professor f\u00fcr Oboen an der Folkwang Universit\u00e4t der K\u00fcnste Essen, ernannt. Neben seiner Unterrichtst\u00e4tigkeit leitet er dort auch ein Improvisationsorchester.<\/p>\n<p>&nbsp;<\/p>\n<p>Seine langj\u00e4hrige freiberufliche musikalische Laufbahn f\u00fchrte ihn mit den bekanntesten Orchestern und Ensembles als Solist, Kammermusiker und Orchestermitglied weltweit in die gr\u00f6\u00dften Konzerts\u00e4le sehr vieler L\u00e4nder Europas, Amerikas, Australiens und Asiens. Seine Aufnahmen in Funk, Fernsehen und auf Tontr\u00e4gern belegen seine vielseitige T\u00e4tigkeit.<\/p>\n<p>&nbsp;<\/p>\n<p>Freude an der Fotografie hatte Michael Niesemann schon im Alter von 6 Jahren. Die intensive Besch\u00e4ftigung allerdings begann erst vor wenigen Jahren.<\/p>\n<p>Sein Interesse gilt zur Zeit vor allen Dingen energetischen Beziehungen zwischen Existenzen im weitesten Sinne. Diese versucht er, in allt\u00e4glichen und unerwarteten Situationen fotografisch festzuhalten. Vor allen Dingen auch in der abstrakten Fotografie findet Michael Niesemann reichlich Motive, die seiner Neigung zu indirekten und tiefgr\u00fcndigen Bildern Nahrung geben.<\/p>\n<p>&nbsp;<\/p>\n<p>&nbsp;<\/p>\n<p>&nbsp;<\/p>\n<p>[\/et_pb_text][et_pb_social_media_follow background_layout=&#8220;light&#8220; url_new_window=&#8220;off&#8220; follow_button=&#8220;off&#8220; _builder_version=&#8220;3.0.106&#8243;][et_pb_social_media_follow_network social_network=&#8220;facebook&#8220; url=&#8220;#&#8220; background_color=&#8220;#000000&#8243; _builder_version=&#8220;3.0.106&#8243;] facebook [\/et_pb_social_media_follow_network][\/et_pb_social_media_follow][\/et_pb_column][\/et_pb_row][et_pb_row][et_pb_column type=&#8220;1_2&#8243;][et_pb_image src=&#8220;http:\/\/xn--galeriefrfotografie-dbc.de\/wp-content\/uploads\/2018\/07\/cid_CB949EDC-3824-4281-A95E-A48CDBB2E290.jpg&#8220; show_in_lightbox=&#8220;off&#8220; url_new_window=&#8220;off&#8220; module_class=&#8220;phblack&#8220; animation_style=&#8220;slide&#8220; animation_duration=&#8220;500ms&#8220; animation_intensity_slide=&#8220;10%&#8220; animation_direction=&#8220;left&#8220; show_bottom_space=&#8220;on&#8220; _builder_version=&#8220;3.0.106&#8243; use_overlay=&#8220;off&#8220; always_center_on_mobile=&#8220;on&#8220; force_fullwidth=&#8220;off&#8220; \/][\/et_pb_column][et_pb_column type=&#8220;1_2&#8243;][et_pb_text background_layout=&#8220;dark&#8220; module_class=&#8220;phblack2&#8243; background_position=&#8220;top_left&#8220; background_repeat=&#8220;repeat&#8220; background_size=&#8220;initial&#8220; _builder_version=&#8220;3.0.106&#8243;]<\/p>\n<h1>Ralf Klinkhammer<\/h1>\n<p>Ralf Klinkhammer- Bereits in den fr\u00fchen 70ern interessierte er sich f\u00fcr die Kunst der Fotografie. Zur Leidenschaft wurde diese aber erst viele Jahre sp\u00e4ter, als er seine erste digitale Spiegelreflexkamera in den H\u00e4nden hielt. Fasziniert von den technologischen Ver\u00e4nderungen und deren zahlreiche Auswirkungen auf die Fotografie, pr\u00e4sentiert er seine Arbeiten unter <a href=\"http:\/\/www.ralfklinkhammer.com\">www.ralfklinkhammer.com<\/a>. Im Fokus stehen die Landschaftsfotografie, die Geschwindigkeiten im Motorsport und auch die Personenfotografie. \u00a0Nach dem Ausstieg aus dem aktiven Berufsleben bleibt jetzt Zeit f\u00fcr Reisen. So finden sich nun kontrastreiche Landschaftsmotive\u00a0 und alle Jahreszeiten in seinen Bildern wieder von Gletschern und hei\u00dfen Quellen in Island bis zu Schneelandschaften in den Alpen und immer wieder Meeresblicke. \u00a0Dabei ist es ihm ein besonderes Vergn\u00fcgen, sein Wissen mit anderen zu teilen und\u00a0 die anzuleiten, die ihr Interesse an der Fotografie gerade erst entdeckt haben.<\/p>\n<p>[\/et_pb_text][et_pb_social_media_follow background_layout=&#8220;light&#8220; url_new_window=&#8220;off&#8220; follow_button=&#8220;off&#8220; _builder_version=&#8220;3.0.106&#8243;][et_pb_social_media_follow_network social_network=&#8220;facebook&#8220; url=&#8220;#https:\/\/www.facebook.com\/Ralf-Klinkhammer-Photography-269289859775679\/&#8220; background_color=&#8220;#000000&#8243; _builder_version=&#8220;3.0.106&#8243; skype_action=&#8220;call&#8220; use_background_color_gradient=&#8220;off&#8220; background_color_gradient_start=&#8220;#2b87da&#8220; background_color_gradient_end=&#8220;#29c4a9&#8243; background_color_gradient_type=&#8220;linear&#8220; background_color_gradient_direction=&#8220;180deg&#8220; background_color_gradient_direction_radial=&#8220;center&#8220; background_color_gradient_start_position=&#8220;0%&#8220; background_color_gradient_end_position=&#8220;100%&#8220; background_color_gradient_overlays_image=&#8220;off&#8220; parallax=&#8220;off&#8220; parallax_method=&#8220;on&#8220; background_size=&#8220;cover&#8220; background_position=&#8220;center&#8220; background_repeat=&#8220;no-repeat&#8220; background_blend=&#8220;normal&#8220; allow_player_pause=&#8220;off&#8220; background_video_pause_outside_viewport=&#8220;on&#8220; box_shadow_style=&#8220;none&#8220;] facebook [\/et_pb_social_media_follow_network][\/et_pb_social_media_follow][\/et_pb_column][\/et_pb_row][\/et_pb_section]<\/p>\n","protected":false},"excerpt":{"rendered":"<p>[et_pb_section bb_built=&#8220;1&#8243; fullwidth=&#8220;off&#8220; specialty=&#8220;off&#8220; background_image=&#8220;http:\/\/xn--galeriefrfotografie-dbc.de\/wp-content\/uploads\/2018\/05\/Demo_image1_4.jpg&#8220; transparent_background=&#8220;off&#8220; background_color=&#8220;#ffffff&#8220; allow_player_pause=&#8220;off&#8220; inner_shadow=&#8220;off&#8220; parallax=&#8220;off&#8220; parallax_method=&#8220;off&#8220;][et_pb_row][et_pb_column type=&#8220;1_2&#8243;][et_pb_image src=&#8220;http:\/\/xn--galeriefrfotografie-dbc.de\/wp-content\/uploads\/2018\/07\/44A0158.jpg&#8220; show_in_lightbox=&#8220;off&#8220; url_new_window=&#8220;off&#8220; module_class=&#8220;phblack&#8220; animation_style=&#8220;slide&#8220; animation_duration=&#8220;500ms&#8220; animation_intensity_slide=&#8220;10%&#8220; animation_direction=&#8220;left&#8220; show_bottom_space=&#8220;on&#8220; _builder_version=&#8220;3.0.106&#8243; use_overlay=&#8220;off&#8220; always_center_on_mobile=&#8220;on&#8220; force_fullwidth=&#8220;off&#8220; \/][\/et_pb_column][et_pb_column type=&#8220;1_2&#8243;][et_pb_text background_layout=&#8220;dark&#8220; module_class=&#8220;phblack2&#8243; background_position=&#8220;top_left&#8220; background_repeat=&#8220;repeat&#8220; background_size=&#8220;initial&#8220; _builder_version=&#8220;3.0.106&#8243;] Michael Niesemann Michael Niesemann \u2013 Musik, P\u00e4dagogik, Fotografie &nbsp; ist in einem weitgesteckten Bereich k\u00fcnstlerisch t\u00e4tig &#8211; von Barockmusik auf &#8222;historischen&#8220; Instrumenten [&hellip;]<\/p>\n","protected":false},"author":1,"featured_media":0,"parent":0,"menu_order":0,"comment_status":"closed","ping_status":"closed","template":"","meta":{"_et_pb_use_builder":"on","_et_pb_old_content":"","_et_gb_content_width":""},"_links":{"self":[{"href":"http:\/\/xn--galeriefrfotografie-dbc.de\/index.php?rest_route=\/wp\/v2\/pages\/160"}],"collection":[{"href":"http:\/\/xn--galeriefrfotografie-dbc.de\/index.php?rest_route=\/wp\/v2\/pages"}],"about":[{"href":"http:\/\/xn--galeriefrfotografie-dbc.de\/index.php?rest_route=\/wp\/v2\/types\/page"}],"author":[{"embeddable":true,"href":"http:\/\/xn--galeriefrfotografie-dbc.de\/index.php?rest_route=\/wp\/v2\/users\/1"}],"replies":[{"embeddable":true,"href":"http:\/\/xn--galeriefrfotografie-dbc.de\/index.php?rest_route=%2Fwp%2Fv2%2Fcomments&post=160"}],"version-history":[{"count":7,"href":"http:\/\/xn--galeriefrfotografie-dbc.de\/index.php?rest_route=\/wp\/v2\/pages\/160\/revisions"}],"predecessor-version":[{"id":256,"href":"http:\/\/xn--galeriefrfotografie-dbc.de\/index.php?rest_route=\/wp\/v2\/pages\/160\/revisions\/256"}],"wp:attachment":[{"href":"http:\/\/xn--galeriefrfotografie-dbc.de\/index.php?rest_route=%2Fwp%2Fv2%2Fmedia&parent=160"}],"curies":[{"name":"wp","href":"https:\/\/api.w.org\/{rel}","templated":true}]}}

Über uns

<p>[et_pb_section bb_built=&#8220;1&#8243; fullwidth=&#8220;off&#8220; specialty=&#8220;off&#8220; background_image=&#8220;http://xn--galeriefrfotografie-dbc.de/wp-content/uploads/2018/05/Demo_image1_4.jpg&#8220; transparent_background=&#8220;off&#8220; background_color=&#8220;#ffffff&#8220; allow_player_pause=&#8220;off&#8220; inner_shadow=&#8220;off&#8220; parallax=&#8220;off&#8220; parallax_method=&#8220;off&#8220;][et_pb_row][et_pb_column type=&#8220;1_2&#8243;][et_pb_image src=&#8220;http://xn--galeriefrfotografie-dbc.de/wp-content/uploads/2018/07/44A0158.jpg&#8220; show_in_lightbox=&#8220;off&#8220; url_new_window=&#8220;off&#8220; module_class=&#8220;phblack&#8220; animation_style=&#8220;slide&#8220; animation_duration=&#8220;500ms&#8220; animation_intensity_slide=&#8220;10%&#8220; animation_direction=&#8220;left&#8220; show_bottom_space=&#8220;on&#8220; _builder_version=&#8220;3.0.106&#8243; use_overlay=&#8220;off&#8220; always_center_on_mobile=&#8220;on&#8220; force_fullwidth=&#8220;off&#8220; /][/et_pb_column][et_pb_column type=&#8220;1_2&#8243;][et_pb_text background_layout=&#8220;dark&#8220; module_class=&#8220;phblack2&#8243; background_position=&#8220;top_left&#8220; background_repeat=&#8220;repeat&#8220; background_size=&#8220;initial&#8220; _builder_version=&#8220;3.0.106&#8243;]</p>
<h1>Michael Niesemann</h1>
<p><strong>Michael Niesemann </strong>– Musik, Pädagogik, Fotografie</p>
<p>&nbsp;</p>
<p>ist in einem weitgesteckten Bereich künstlerisch tätig &#8211; von Barockmusik auf &#8222;historischen&#8220; Instrumenten (Oboe und Blockflöte) bis hin zu Jazz und Avantgarde auf dem Saxophon und der modernen Oboe. Er studierte von 1979 &#8211; 1987 an der Staatlichen Hochschule für Musik, Köln, wo er von 1993-2007 moderne und historische Oboen unterrichtete. Von 2004 – 2007 war er Professor für Barockoboe an der Musikhochschule Würzburg. Im Oktober 2007 wurde er zum Professor für Oboen an der Folkwang Universität der Künste Essen, ernannt. Neben seiner Unterrichtstätigkeit leitet er dort auch ein Improvisationsorchester.</p>
<p>&nbsp;</p>
<p>Seine langjährige freiberufliche musikalische Laufbahn führte ihn mit den bekanntesten Orchestern und Ensembles als Solist, Kammermusiker und Orchestermitglied weltweit in die größten Konzertsäle sehr vieler Länder Europas, Amerikas, Australiens und Asiens. Seine Aufnahmen in Funk, Fernsehen und auf Tonträgern belegen seine vielseitige Tätigkeit.</p>
<p>&nbsp;</p>
<p>Freude an der Fotografie hatte Michael Niesemann schon im Alter von 6 Jahren. Die intensive Beschäftigung allerdings begann erst vor wenigen Jahren.</p>
<p>Sein Interesse gilt zur Zeit vor allen Dingen energetischen Beziehungen zwischen Existenzen im weitesten Sinne. Diese versucht er, in alltäglichen und unerwarteten Situationen fotografisch festzuhalten. Vor allen Dingen auch in der abstrakten Fotografie findet Michael Niesemann reichlich Motive, die seiner Neigung zu indirekten und tiefgründigen Bildern Nahrung geben.</p>
<p>&nbsp;</p>
<p>&nbsp;</p>
<p>&nbsp;</p>
<p>[/et_pb_text][et_pb_social_media_follow background_layout=&#8220;light&#8220; url_new_window=&#8220;off&#8220; follow_button=&#8220;off&#8220; _builder_version=&#8220;3.0.106&#8243;][et_pb_social_media_follow_network social_network=&#8220;facebook&#8220; url=&#8220;#&#8220; background_color=&#8220;#000000&#8243; _builder_version=&#8220;3.0.106&#8243;] facebook [/et_pb_social_media_follow_network][/et_pb_social_media_follow][/et_pb_column][/et_pb_row][et_pb_row][et_pb_column type=&#8220;1_2&#8243;][et_pb_image src=&#8220;http://xn--galeriefrfotografie-dbc.de/wp-content/uploads/2018/07/cid_CB949EDC-3824-4281-A95E-A48CDBB2E290.jpg&#8220; show_in_lightbox=&#8220;off&#8220; url_new_window=&#8220;off&#8220; module_class=&#8220;phblack&#8220; animation_style=&#8220;slide&#8220; animation_duration=&#8220;500ms&#8220; animation_intensity_slide=&#8220;10%&#8220; animation_direction=&#8220;left&#8220; show_bottom_space=&#8220;on&#8220; _builder_version=&#8220;3.0.106&#8243; use_overlay=&#8220;off&#8220; always_center_on_mobile=&#8220;on&#8220; force_fullwidth=&#8220;off&#8220; /][/et_pb_column][et_pb_column type=&#8220;1_2&#8243;][et_pb_text background_layout=&#8220;dark&#8220; module_class=&#8220;phblack2&#8243; background_position=&#8220;top_left&#8220; background_repeat=&#8220;repeat&#8220; background_size=&#8220;initial&#8220; _builder_version=&#8220;3.0.106&#8243;]</p>
<h1>Ralf Klinkhammer</h1>
<p>Ralf Klinkhammer- Bereits in den frühen 70ern interessierte er sich für die Kunst der Fotografie. Zur Leidenschaft wurde diese aber erst viele Jahre später, als er seine erste digitale Spiegelreflexkamera in den Händen hielt. Fasziniert von den technologischen Veränderungen und deren zahlreiche Auswirkungen auf die Fotografie, präsentiert er seine Arbeiten unter <a href="http://www.ralfklinkhammer.com">www.ralfklinkhammer.com</a>. Im Fokus stehen die Landschaftsfotografie, die Geschwindigkeiten im Motorsport und auch die Personenfotografie.  Nach dem Ausstieg aus dem aktiven Berufsleben bleibt jetzt Zeit für Reisen. So finden sich nun kontrastreiche Landschaftsmotive  und alle Jahreszeiten in seinen Bildern wieder von Gletschern und heißen Quellen in Island bis zu Schneelandschaften in den Alpen und immer wieder Meeresblicke.  Dabei ist es ihm ein besonderes Vergnügen, sein Wissen mit anderen zu teilen und  die anzuleiten, die ihr Interesse an der Fotografie gerade erst entdeckt haben.</p>
<p>[/et_pb_text][et_pb_social_media_follow background_layout=&#8220;light&#8220; url_new_window=&#8220;off&#8220; follow_button=&#8220;off&#8220; _builder_version=&#8220;3.0.106&#8243;][et_pb_social_media_follow_network social_network=&#8220;facebook&#8220; url=&#8220;#https://www.facebook.com/Ralf-Klinkhammer-Photography-269289859775679/&#8220; background_color=&#8220;#000000&#8243; _builder_version=&#8220;3.0.106&#8243; skype_action=&#8220;call&#8220; use_background_color_gradient=&#8220;off&#8220; background_color_gradient_start=&#8220;#2b87da&#8220; background_color_gradient_end=&#8220;#29c4a9&#8243; background_color_gradient_type=&#8220;linear&#8220; background_color_gradient_direction=&#8220;180deg&#8220; background_color_gradient_direction_radial=&#8220;center&#8220; background_color_gradient_start_position=&#8220;0%&#8220; background_color_gradient_end_position=&#8220;100%&#8220; background_color_gradient_overlays_image=&#8220;off&#8220; parallax=&#8220;off&#8220; parallax_method=&#8220;on&#8220; background_size=&#8220;cover&#8220; background_position=&#8220;center&#8220; background_repeat=&#8220;no-repeat&#8220; background_blend=&#8220;normal&#8220; allow_player_pause=&#8220;off&#8220; background_video_pause_outside_viewport=&#8220;on&#8220; box_shadow_style=&#8220;none&#8220;] facebook [/et_pb_social_media_follow_network][/et_pb_social_media_follow][/et_pb_column][/et_pb_row][/et_pb_section]</p>

<p>[et_pb_section bb_built=&#8220;1&#8243; fullwidth=&#8220;off&#8220; specialty=&#8220;off&#8220; background_image=&#8220;http://xn--galeriefrfotografie-dbc.de/wp-content/uploads/2018/05/Demo_image1_4.jpg&#8220; transparent_background=&#8220;off&#8220; background_color=&#8220;#ffffff&#8220; allow_player_pause=&#8220;off&#8220; inner_shadow=&#8220;off&#8220; parallax=&#8220;off&#8220; parallax_method=&#8220;off&#8220;][et_pb_row][et_pb_column type=&#8220;1_2&#8243;][et_pb_image src=&#8220;http://xn--galeriefrfotografie-dbc.de/wp-content/uploads/2018/07/44A0158.jpg&#8220; show_in_lightbox=&#8220;off&#8220; url_new_window=&#8220;off&#8220; module_class=&#8220;phblack&#8220; animation_style=&#8220;slide&#8220; animation_duration=&#8220;500ms&#8220; animation_intensity_slide=&#8220;10%&#8220; animation_direction=&#8220;left&#8220; show_bottom_space=&#8220;on&#8220; _builder_version=&#8220;3.0.106&#8243; use_overlay=&#8220;off&#8220; always_center_on_mobile=&#8220;on&#8220; force_fullwidth=&#8220;off&#8220; /][/et_pb_column][et_pb_column type=&#8220;1_2&#8243;][et_pb_text background_layout=&#8220;dark&#8220; module_class=&#8220;phblack2&#8243; background_position=&#8220;top_left&#8220; background_repeat=&#8220;repeat&#8220; background_size=&#8220;initial&#8220; _builder_version=&#8220;3.0.106&#8243;] Michael Niesemann Michael Niesemann – Musik, Pädagogik, Fotografie &nbsp; ist in einem weitgesteckten Bereich künstlerisch tätig &#8211; von Barockmusik auf &#8222;historischen&#8220; Instrumenten [&hellip;]</p>
